{"id":257,"date":"2023-07-12T08:49:00","date_gmt":"2023-07-12T08:49:00","guid":{"rendered":"http:\/\/www.corossol-graviola.com\/amby\/?page_id=257"},"modified":"2025-02-11T08:08:03","modified_gmt":"2025-02-11T06:08:03","slug":"rodrigues","status":"publish","type":"page","link":"http:\/\/www.corossol-graviola.com\/amby\/rodrigues\/","title":{"rendered":"Rodrigues"},"content":{"rendered":"<p>[et_pb_section fb_built=\u00a0\u00bb1&Prime; _builder_version=\u00a0\u00bb3.11&Prime; background_image=\u00a0\u00bbhttp:\/\/www.corossol-graviola.com\/amby\/wp-content\/uploads\/2023\/07\/Rodrigues-principale.png\u00a0\u00bb background_blend=\u00a0\u00bbdarken\u00a0\u00bb custom_padding=\u00a0\u00bb639px|0px|0|0px|false|false\u00a0\u00bb][et_pb_row custom_padding=\u00a0\u00bb0|0px|0|0px|false|false\u00a0\u00bb _builder_version=\u00a0\u00bb3.11&Prime; background_color=\u00a0\u00bbrgba(5,5,5,0.45)\u00a0\u00bb][et_pb_column type=\u00a0\u00bb4_4&Prime; _builder_version=\u00a0\u00bb3.11&Prime; parallax=\u00a0\u00bboff\u00a0\u00bb parallax_method=\u00a0\u00bbon\u00a0\u00bb][et_pb_text _builder_version=\u00a0\u00bb3.11&Prime; header_font=\u00a0\u00bbAllura||||||||\u00a0\u00bb header_text_align=\u00a0\u00bbcenter\u00a0\u00bb header_text_color=\u00a0\u00bb#FFFFFF\u00a0\u00bb header_font_size=\u00a0\u00bb60px\u00a0\u00bb]<\/p>\n<h1>Rodrigues R\u00e9sidence<\/h1>\n<p>[\/et_pb_text][\/et_pb_column][\/et_pb_row][\/et_pb_section][et_pb_section fb_built=\u00a0\u00bb1&Prime; _builder_version=\u00a0\u00bb3.11&Prime; custom_padding=\u00a0\u00bb0|0px|0|0px|false|false\u00a0\u00bb][et_pb_row custom_width_px=\u00a0\u00bb1203px\u00a0\u00bb custom_padding=\u00a0\u00bb25.25px|0px|8px|0px|false|false\u00a0\u00bb _builder_version=\u00a0\u00bb3.11&Prime; module_alignment=\u00a0\u00bbcenter\u00a0\u00bb][et_pb_column type=\u00a0\u00bb1_2&Prime; _builder_version=\u00a0\u00bb3.11&Prime; parallax=\u00a0\u00bboff\u00a0\u00bb parallax_method=\u00a0\u00bbon\u00a0\u00bb][et_pb_image src=\u00a0\u00bbhttp:\/\/www.corossol-graviola.com\/amby\/wp-content\/uploads\/2023\/07\/RODRIGUE-VUE-8-1.png\u00a0\u00bb admin_label=\u00a0\u00bbVue au salon\u00a0\u00bb _builder_version=\u00a0\u00bb3.11&Prime; max_width=\u00a0\u00bb93%\u00a0\u00bb][\/et_pb_image][\/et_pb_column][et_pb_column type=\u00a0\u00bb1_2&Prime; _builder_version=\u00a0\u00bb3.11&Prime; parallax=\u00a0\u00bboff\u00a0\u00bb parallax_method=\u00a0\u00bbon\u00a0\u00bb][et_pb_text _builder_version=\u00a0\u00bb3.11&Prime; text_font=\u00a0\u00bb||||||||\u00a0\u00bb header_font=\u00a0\u00bb||||||||\u00a0\u00bb header_font_size=\u00a0\u00bb58px\u00a0\u00bb header_6_font=\u00a0\u00bb||||||||\u00a0\u00bb]<strong>Rodrigues R\u00e9sidence<\/strong>[\/et_pb_text][et_pb_text _builder_version=\u00a0\u00bb3.11&Prime; text_font=\u00a0\u00bb||||||||\u00a0\u00bb link_font=\u00a0\u00bb||||||||\u00a0\u00bb ul_font=\u00a0\u00bb||||||||\u00a0\u00bb ol_font=\u00a0\u00bb||||||||\u00a0\u00bb quote_font=\u00a0\u00bb||||||||\u00a0\u00bb header_font=\u00a0\u00bb||||||||\u00a0\u00bb header_2_font=\u00a0\u00bb||||||||\u00a0\u00bb header_3_font=\u00a0\u00bb||||||||\u00a0\u00bb header_4_font=\u00a0\u00bb||||||||\u00a0\u00bb header_5_font=\u00a0\u00bb||||||||\u00a0\u00bb header_6_font=\u00a0\u00bb||||||||\u00a0\u00bb]C&rsquo;est la seule r\u00e9sidence dot\u00e9e d&rsquo;une \u00e9tage. La r\u00e9sidence baln\u00e9aire de Rodrigues se niche au c\u0153ur d&rsquo;un paysage luxuriant, entour\u00e9e de belles plages, de lagons turquoise et de for\u00eat verdoyants.<\/p>\n<p>La r\u00e9sidence Rodrigues est con\u00e7ue pour s&rsquo;int\u00e9grer harmonieusement dans la nature environnante, offrant ainsi une vue magnifique sur l&rsquo;oc\u00e9an ou les jardins tropicaux luxuriants. Vous aurez le choix entre des chambres \u00e9l\u00e9gantes et des bungalows en bord de mer, offrant tous les conforts modernes pour vous assurer un s\u00e9jour relaxant.[\/et_pb_text][\/et_pb_column][\/et_pb_row][et_pb_row _builder_version=\u00a0\u00bb3.11&Prime;][et_pb_column type=\u00a0\u00bb4_4&Prime; _builder_version=\u00a0\u00bb3.11&Prime; parallax=\u00a0\u00bboff\u00a0\u00bb parallax_method=\u00a0\u00bbon\u00a0\u00bb][et_pb_text _builder_version=\u00a0\u00bb3.11&Prime;]V\u00e9ritable r\u00e9sidence secondaire \u00e0 \u00e9tages d&rsquo;une surface habitable 227 m2 dont:<\/p>\n<p>Elle est dot\u00e9e d&rsquo;une grande terrasse \u00e0 l&rsquo;\u00e9tage avec une vue \u00e9poustouflante et de 3 chambres en tout.[\/et_pb_text][\/et_pb_column][\/et_pb_row][\/et_pb_section][et_pb_section fb_built=\u00a0\u00bb1&Prime; admin_label=\u00a0\u00bbVue au salon\u00a0\u00bb _builder_version=\u00a0\u00bb3.11&Prime; custom_padding=\u00a0\u00bb2px|0px|0|0px|false|false\u00a0\u00bb][et_pb_row custom_padding=\u00a0\u00bb2px|0px|0|0px|false|false\u00a0\u00bb _builder_version=\u00a0\u00bb3.11&Prime;][et_pb_column type=\u00a0\u00bb1_2&Prime; _builder_version=\u00a0\u00bb3.11&Prime; parallax=\u00a0\u00bboff\u00a0\u00bb parallax_method=\u00a0\u00bbon\u00a0\u00bb][et_pb_image src=\u00a0\u00bbhttp:\/\/www.corossol-graviola.com\/amby\/wp-content\/uploads\/2023\/07\/RODRIGUE-SALON-VUE-3.png\u00a0\u00bb _builder_version=\u00a0\u00bb3.11&Prime;][\/et_pb_image][et_pb_text _builder_version=\u00a0\u00bb3.11&Prime;]<\/p>\n<p style=\"text-align: center;\"><strong>Vue sur Salon &#8211; c\u00f4t\u00e9 cuisine<\/strong><\/p>\n<p>[\/et_pb_text][\/et_pb_column][et_pb_column type=\u00a0\u00bb1_2&Prime; _builder_version=\u00a0\u00bb3.11&Prime; parallax=\u00a0\u00bboff\u00a0\u00bb parallax_method=\u00a0\u00bbon\u00a0\u00bb][et_pb_image src=\u00a0\u00bbhttp:\/\/www.corossol-graviola.com\/amby\/wp-content\/uploads\/2023\/07\/RODRIGUE-SALON-VUE-4-1.png\u00a0\u00bb _builder_version=\u00a0\u00bb3.11&Prime;][\/et_pb_image][et_pb_text _builder_version=\u00a0\u00bb3.11&Prime;]<\/p>\n<p style=\"text-align: center;\"><strong>Vue salon c\u00f4t\u00e9 escalier<\/strong><\/p>\n<p>[\/et_pb_text][\/et_pb_column][\/et_pb_row][\/et_pb_section][et_pb_section fb_built=\u00a0\u00bb1&Prime; admin_label=\u00a0\u00bbVue au salon\u00a0\u00bb _builder_version=\u00a0\u00bb3.11&Prime; custom_padding=\u00a0\u00bb2px|0px|0|0px|false|false\u00a0\u00bb][et_pb_row custom_padding=\u00a0\u00bb2px|0px|0|0px|false|false\u00a0\u00bb _builder_version=\u00a0\u00bb3.11&Prime;][et_pb_column type=\u00a0\u00bb1_2&Prime; _builder_version=\u00a0\u00bb3.11&Prime; parallax=\u00a0\u00bboff\u00a0\u00bb parallax_method=\u00a0\u00bbon\u00a0\u00bb][et_pb_text _builder_version=\u00a0\u00bb3.11&Prime; background_image=\u00a0\u00bbhttp:\/\/www.corossol-graviola.com\/amby\/wp-content\/uploads\/2023\/07\/RODRIGUE-SALON-VUE-1-1.png\u00a0\u00bb custom_padding=\u00a0\u00bb270px|||\u00a0\u00bb][\/et_pb_text][et_pb_text _builder_version=\u00a0\u00bb3.11&Prime;]<\/p>\n<p style=\"text-align: center;\"><strong>S\u00e9jour vue c\u00f4t\u00e9 cuisine<\/strong><\/p>\n<p>[\/et_pb_text][\/et_pb_column][et_pb_column type=\u00a0\u00bb1_2&Prime; _builder_version=\u00a0\u00bb3.11&Prime; parallax=\u00a0\u00bboff\u00a0\u00bb parallax_method=\u00a0\u00bbon\u00a0\u00bb][et_pb_image src=\u00a0\u00bbhttp:\/\/www.corossol-graviola.com\/amby\/wp-content\/uploads\/2023\/07\/RODRIGUE-S-A-M-VUE-1.png\u00a0\u00bb _builder_version=\u00a0\u00bb3.11&Prime;][\/et_pb_image][et_pb_text _builder_version=\u00a0\u00bb3.11&Prime;]<\/p>\n<p style=\"text-align: center;\"><strong>Vue cuisine<\/strong><\/p>\n<p>[\/et_pb_text][\/et_pb_column][\/et_pb_row][\/et_pb_section][et_pb_section fb_built=\u00a0\u00bb1&Prime; admin_label=\u00a0\u00bbVue au salon\u00a0\u00bb _builder_version=\u00a0\u00bb3.11&Prime; custom_padding=\u00a0\u00bb2px|0px|0|0px|false|false\u00a0\u00bb][et_pb_row custom_padding=\u00a0\u00bb2px|0px|0|0px|false|false\u00a0\u00bb _builder_version=\u00a0\u00bb3.11&Prime;][et_pb_column type=\u00a0\u00bb1_2&Prime; _builder_version=\u00a0\u00bb3.11&Prime; parallax=\u00a0\u00bboff\u00a0\u00bb parallax_method=\u00a0\u00bbon\u00a0\u00bb][et_pb_image src=\u00a0\u00bbhttp:\/\/www.corossol-graviola.com\/amby\/wp-content\/uploads\/2023\/07\/RODRIGUE-SALLE-DEAU-RDC-ET-ETAGE-VUE-1.png\u00a0\u00bb _builder_version=\u00a0\u00bb3.11&Prime;][\/et_pb_image][et_pb_text _builder_version=\u00a0\u00bb3.11&Prime;]<\/p>\n<p style=\"text-align: center;\"><strong>Mezzanine &#8211; Vue chambre<\/strong><\/p>\n<p>[\/et_pb_text][\/et_pb_column][et_pb_column type=\u00a0\u00bb1_2&Prime; _builder_version=\u00a0\u00bb3.11&Prime; parallax=\u00a0\u00bboff\u00a0\u00bb parallax_method=\u00a0\u00bbon\u00a0\u00bb][et_pb_image src=\u00a0\u00bbhttp:\/\/www.corossol-graviola.com\/amby\/wp-content\/uploads\/2023\/07\/RODRIGUE-ETAGE-VUE-1.png\u00a0\u00bb _builder_version=\u00a0\u00bb3.11&Prime;][\/et_pb_image][et_pb_text _builder_version=\u00a0\u00bb3.11&Prime;]<\/p>\n<p style=\"text-align: center;\"><strong>Vue chambre \u00e0 l&rsquo;\u00e9tage<\/strong><\/p>\n<p>[\/et_pb_text][\/et_pb_column][\/et_pb_row][\/et_pb_section][et_pb_section fb_built=\u00a0\u00bb1&Prime; admin_label=\u00a0\u00bbVue au salon\u00a0\u00bb _builder_version=\u00a0\u00bb3.11&Prime; custom_padding=\u00a0\u00bb2px|0px|0|0px|false|false\u00a0\u00bb][et_pb_row custom_padding=\u00a0\u00bb2px|0px|0|0px|false|false\u00a0\u00bb _builder_version=\u00a0\u00bb3.11&Prime;][et_pb_column type=\u00a0\u00bb1_2&Prime; _builder_version=\u00a0\u00bb3.11&Prime; parallax=\u00a0\u00bboff\u00a0\u00bb parallax_method=\u00a0\u00bbon\u00a0\u00bb][et_pb_image src=\u00a0\u00bbhttp:\/\/www.corossol-graviola.com\/amby\/wp-content\/uploads\/2023\/07\/RODRIGUE-VUE-24-1.png\u00a0\u00bb _builder_version=\u00a0\u00bb3.11&Prime;][\/et_pb_image][et_pb_text _builder_version=\u00a0\u00bb3.11&Prime;]<\/p>\n<p style=\"text-align: center;\"><strong>Vue 1 sur la terrasse<\/strong><\/p>\n<p>[\/et_pb_text][\/et_pb_column][et_pb_column type=\u00a0\u00bb1_2&Prime; _builder_version=\u00a0\u00bb3.11&Prime; parallax=\u00a0\u00bboff\u00a0\u00bb parallax_method=\u00a0\u00bbon\u00a0\u00bb][et_pb_image src=\u00a0\u00bbhttp:\/\/www.corossol-graviola.com\/amby\/wp-content\/uploads\/2023\/07\/RODRIGUE-VUE-25-1.png\u00a0\u00bb _builder_version=\u00a0\u00bb3.11&Prime;][\/et_pb_image][et_pb_text _builder_version=\u00a0\u00bb3.11&Prime;]<\/p>\n<p style=\"text-align: center;\"><strong>\u00a0Vue 2 sur la terrasse<\/strong><\/p>\n<p>[\/et_pb_text][\/et_pb_column][\/et_pb_row][\/et_pb_section][et_pb_section fb_built=\u00a0\u00bb1&Prime; admin_label=\u00a0\u00bbVue au salon\u00a0\u00bb _builder_version=\u00a0\u00bb3.11&Prime; custom_padding=\u00a0\u00bb2px|0|0|0px|false|false\u00a0\u00bb][et_pb_row custom_padding=\u00a0\u00bb2px|0px|0|0px|false|false\u00a0\u00bb _builder_version=\u00a0\u00bb3.11&Prime;][et_pb_column type=\u00a0\u00bb1_2&Prime; _builder_version=\u00a0\u00bb3.11&Prime; parallax=\u00a0\u00bboff\u00a0\u00bb parallax_method=\u00a0\u00bbon\u00a0\u00bb][et_pb_image _builder_version=\u00a0\u00bb3.11&Prime;][\/et_pb_image][et_pb_text _builder_version=\u00a0\u00bb3.11&Prime;]<strong>Options en sus:<\/strong><\/p>\n<p style=\"text-align: center;\">Lot terrain au choix, piscine, plage, chalet, douche ext\u00e9rieure, coin barbecue, terrasse, escalier ext\u00e9rieur, jardin et am\u00e9nagement ext\u00e9rieurs&#8230;<div class=\"woocommerce columns-4\"><ul class=\"products columns-4\">\n<li class=\"product-category product first\">\n\t<a aria-label=\"Acc\u00e9der \u00e0 la cat\u00e9gorie de produits All\u00e9e\" href=\"http:\/\/www.corossol-graviola.com\/amby\/categorie-produit\/allee\/\"><img loading=\"lazy\" decoding=\"async\" src=\"http:\/\/www.corossol-graviola.com\/amby\/wp-content\/uploads\/2024\/07\/categ-allee.jpg\" alt=\"All\u00e9e\" width=\"300\" height=\"300\" \/>\t\t<h2 class=\"woocommerce-loop-category__title\">\n\t\t\tAll\u00e9e <mark class=\"count\">(5)<\/mark>\t\t<\/h2>\n\t\t<\/a><\/li>\n<li class=\"product-category product\">\n\t<a aria-label=\"Acc\u00e9der \u00e0 la cat\u00e9gorie de produits Choix du terrain\" href=\"http:\/\/www.corossol-graviola.com\/amby\/categorie-produit\/terrain\/\"><img loading=\"lazy\" decoding=\"async\" src=\"http:\/\/www.corossol-graviola.com\/amby\/wp-content\/uploads\/2024\/07\/categ-terrain.jpg\" alt=\"Choix du terrain\" width=\"300\" height=\"300\" \/>\t\t<h2 class=\"woocommerce-loop-category__title\">\n\t\t\tChoix du terrain <mark class=\"count\">(20)<\/mark>\t\t<\/h2>\n\t\t<\/a><\/li>\n<li class=\"product-category product\">\n\t<a aria-label=\"Acc\u00e9der \u00e0 la cat\u00e9gorie de produits Coin barbecue\" href=\"http:\/\/www.corossol-graviola.com\/amby\/categorie-produit\/barbecue\/\"><img loading=\"lazy\" decoding=\"async\" src=\"http:\/\/www.corossol-graviola.com\/amby\/wp-content\/uploads\/2024\/07\/categ-barbecue.jpg\" alt=\"Coin barbecue\" width=\"300\" height=\"300\" \/>\t\t<h2 class=\"woocommerce-loop-category__title\">\n\t\t\tCoin barbecue <mark class=\"count\">(5)<\/mark>\t\t<\/h2>\n\t\t<\/a><\/li>\n<li class=\"product-category product last\">\n\t<a aria-label=\"Acc\u00e9der \u00e0 la cat\u00e9gorie de produits Cuisine ext\u00e9rieure\" href=\"http:\/\/www.corossol-graviola.com\/amby\/categorie-produit\/cuisine\/\"><img loading=\"lazy\" decoding=\"async\" src=\"http:\/\/www.corossol-graviola.com\/amby\/wp-content\/uploads\/2024\/07\/categ-chalet.jpg\" alt=\"Cuisine ext\u00e9rieure\" width=\"300\" height=\"300\" \/>\t\t<h2 class=\"woocommerce-loop-category__title\">\n\t\t\tCuisine ext\u00e9rieure <mark class=\"count\">(7)<\/mark>\t\t<\/h2>\n\t\t<\/a><\/li>\n<li class=\"product-category product first\">\n\t<a aria-label=\"Acc\u00e9der \u00e0 la cat\u00e9gorie de produits Douche ext\u00e9rieure\" href=\"http:\/\/www.corossol-graviola.com\/amby\/categorie-produit\/douche-2\/\"><img loading=\"lazy\" decoding=\"async\" src=\"http:\/\/www.corossol-graviola.com\/amby\/wp-content\/uploads\/2024\/07\/categ-douche.jpg\" alt=\"Douche ext\u00e9rieure\" width=\"300\" height=\"300\" \/>\t\t<h2 class=\"woocommerce-loop-category__title\">\n\t\t\tDouche ext\u00e9rieure <mark class=\"count\">(5)<\/mark>\t\t<\/h2>\n\t\t<\/a><\/li>\n<li class=\"product-category product\">\n\t<a aria-label=\"Acc\u00e9der \u00e0 la cat\u00e9gorie de produits Patio\" href=\"http:\/\/www.corossol-graviola.com\/amby\/categorie-produit\/patio\/\"><img loading=\"lazy\" decoding=\"async\" src=\"http:\/\/www.corossol-graviola.com\/amby\/wp-content\/uploads\/2024\/07\/categ-patio.jpg\" alt=\"Patio\" width=\"300\" height=\"300\" \/>\t\t<h2 class=\"woocommerce-loop-category__title\">\n\t\t\tPatio <mark class=\"count\">(6)<\/mark>\t\t<\/h2>\n\t\t<\/a><\/li>\n<li class=\"product-category product\">\n\t<a aria-label=\"Acc\u00e9der \u00e0 la cat\u00e9gorie de produits Piscine\" href=\"http:\/\/www.corossol-graviola.com\/amby\/categorie-produit\/piscine\/\"><img loading=\"lazy\" decoding=\"async\" src=\"http:\/\/www.corossol-graviola.com\/amby\/wp-content\/uploads\/2024\/07\/categ-piscine.jpg\" alt=\"Piscine\" width=\"300\" height=\"300\" \/>\t\t<h2 class=\"woocommerce-loop-category__title\">\n\t\t\tPiscine <mark class=\"count\">(1)<\/mark>\t\t<\/h2>\n\t\t<\/a><\/li>\n<li class=\"product-category product last\">\n\t<a aria-label=\"Acc\u00e9der \u00e0 la cat\u00e9gorie de produits R\u00e9sidence\" href=\"http:\/\/www.corossol-graviola.com\/amby\/categorie-produit\/residence\/\"><img loading=\"lazy\" decoding=\"async\" src=\"http:\/\/www.corossol-graviola.com\/amby\/wp-content\/uploads\/2024\/07\/categ-bungalow.jpg\" alt=\"R\u00e9sidence\" width=\"300\" height=\"300\" \/>\t\t<h2 class=\"woocommerce-loop-category__title\">\n\t\t\tR\u00e9sidence <mark class=\"count\">(2)<\/mark>\t\t<\/h2>\n\t\t<\/a><\/li>\n<\/ul>\n<\/div>[\/et_pb_text][\/et_pb_column][et_pb_column type=\u00a0\u00bb1_2&Prime; _builder_version=\u00a0\u00bb3.11&Prime; parallax=\u00a0\u00bboff\u00a0\u00bb parallax_method=\u00a0\u00bbon\u00a0\u00bb][et_pb_image _builder_version=\u00a0\u00bb3.11&Prime;][\/et_pb_image][et_pb_text _builder_version=\u00a0\u00bb3.11&Prime;][\/et_pb_text][et_pb_text _builder_version=\u00a0\u00bb3.11&Prime;]<\/p>\n<p><strong>Voir Prix<\/strong><\/p>\n<p>(La tenue d&rsquo;un compte client est en USD, vos paiements peuvent \u00eatre en MGA (ariary) ou toutes autres devises convertibles (USD EUR&#8230;.), pond\u00e9r\u00e9es au cours du jour de chaque paiement.<\/p>\n<table width=\"449\">\n<tbody>\n<tr>\n<td width=\"369\"><strong>Area Schedule \/ Superficies<\/strong><\/td>\n<td width=\"80\"><strong>(m2)<\/strong><\/td>\n<\/tr>\n<tr>\n<td><strong>Total area \/ Surface totale<\/strong><\/td>\n<td><strong>227,00<\/strong><\/td>\n<\/tr>\n<tr>\n<td><strong>Living area \/ Salon<\/strong><\/td>\n<td><strong>17,00<\/strong><\/td>\n<\/tr>\n<tr>\n<td><strong>Dining and kitchen area \/ Salle \u00e0 manger cuisine<\/strong><\/td>\n<td><strong>13,80<\/strong><\/td>\n<\/tr>\n<tr>\n<td><strong>Bedroom 1 \/ Salle \u00e0 coucher 1<\/strong><\/td>\n<td><strong>9,00<\/strong><\/td>\n<\/tr>\n<tr>\n<td><strong>Bedroom 2 \/ Salle \u00e0 coucher 2<\/strong><\/td>\n<td><strong>12,60<\/strong><\/td>\n<\/tr>\n<tr>\n<td><strong>Bedroom 3 \/ Salle \u00e0 coucher 3<\/strong><\/td>\n<td><strong>9,00<\/strong><\/td>\n<\/tr>\n<tr>\n<td><strong>Bedroom 4 \/ Salle \u00e0 coucher 4<\/strong><\/td>\n<td><strong>12,60<\/strong><\/td>\n<\/tr>\n<tr>\n<td><strong>Bathroom 1 \/ Salle de bain<\/strong><\/td>\n<td><strong>6,00<\/strong><\/td>\n<\/tr>\n<tr>\n<td><strong>Bathroom 2 \/ Salle de bain<\/strong><\/td>\n<td><strong>6,00<\/strong><\/td>\n<\/tr>\n<tr>\n<td><strong>Terrace \/ Terrasse<\/strong><\/td>\n<td><strong>60,50<\/strong><\/td>\n<\/tr>\n<tr>\n<td><strong>Garage \/ garage<\/strong><\/td>\n<td><strong>45,30<\/strong><\/td>\n<\/tr>\n<\/tbody>\n<\/table>\n<p>[\/et_pb_text][\/et_pb_column][\/et_pb_row][et_pb_row _builder_version=\u00a0\u00bb3.11&Prime;][et_pb_column type=\u00a0\u00bb4_4&Prime; _builder_version=\u00a0\u00bb3.11&Prime; parallax=\u00a0\u00bboff\u00a0\u00bb parallax_method=\u00a0\u00bbon\u00a0\u00bb][et_pb_text _builder_version=\u00a0\u00bb3.11&Prime;][\/et_pb_text][et_pb_blog include_categories=\u00a0\u00bb54&Prime; show_content=\u00a0\u00bbon\u00a0\u00bb show_author=\u00a0\u00bboff\u00a0\u00bb show_date=\u00a0\u00bboff\u00a0\u00bb show_categories=\u00a0\u00bboff\u00a0\u00bb _builder_version=\u00a0\u00bb3.11&Prime;][\/et_pb_blog][\/et_pb_column][\/et_pb_row][\/et_pb_section]<\/p>\n","protected":false},"excerpt":{"rendered":"<p>[et_pb_section fb_built=\u00a0\u00bb1&Prime; _builder_version=\u00a0\u00bb3.11&Prime; background_image=\u00a0\u00bbhttp:\/\/www.corossol-graviola.com\/amby\/wp-content\/uploads\/2023\/07\/Rodrigues-principale.png\u00a0\u00bb background_blend=\u00a0\u00bbdarken\u00a0\u00bb custom_padding=\u00a0\u00bb639px|0px|0|0px|false|false\u00a0\u00bb][et_pb_row custom_padding=\u00a0\u00bb0|0px|0|0px|false|false\u00a0\u00bb _builder_version=\u00a0\u00bb3.11&Prime; background_color=\u00a0\u00bbrgba(5,5,5,0.45)\u00a0\u00bb][et_pb_column type=\u00a0\u00bb4_4&Prime; _builder_version=\u00a0\u00bb3.11&Prime; parallax=\u00a0\u00bboff\u00a0\u00bb parallax_method=\u00a0\u00bbon\u00a0\u00bb][et_pb_text _builder_version=\u00a0\u00bb3.11&Prime; header_font=\u00a0\u00bbAllura||||||||\u00a0\u00bb header_text_align=\u00a0\u00bbcenter\u00a0\u00bb header_text_color=\u00a0\u00bb#FFFFFF\u00a0\u00bb header_font_size=\u00a0\u00bb60px\u00a0\u00bb] Rodrigues R\u00e9sidence [\/et_pb_text][\/et_pb_column][\/et_pb_row][\/et_pb_section][et_pb_section fb_built=\u00a0\u00bb1&Prime; _builder_version=\u00a0\u00bb3.11&Prime; custom_padding=\u00a0\u00bb0|0px|0|0px|false|false\u00a0\u00bb][et_pb_row custom_width_px=\u00a0\u00bb1203px\u00a0\u00bb custom_padding=\u00a0\u00bb25.25px|0px|8px|0px|false|false\u00a0\u00bb _builder_version=\u00a0\u00bb3.11&Prime; module_alignment=\u00a0\u00bbcenter\u00a0\u00bb][et_pb_column type=\u00a0\u00bb1_2&Prime; _builder_version=\u00a0\u00bb3.11&Prime; parallax=\u00a0\u00bboff\u00a0\u00bb parallax_method=\u00a0\u00bbon\u00a0\u00bb][et_pb_image src=\u00a0\u00bbhttp:\/\/www.corossol-graviola.com\/amby\/wp-content\/uploads\/2023\/07\/RODRIGUE-VUE-8-1.png\u00a0\u00bb admin_label=\u00a0\u00bbVue au salon\u00a0\u00bb _builder_version=\u00a0\u00bb3.11&Prime; max_width=\u00a0\u00bb93%\u00a0\u00bb][\/et_pb_image][\/et_pb_column][et_pb_column type=\u00a0\u00bb1_2&Prime; _builder_version=\u00a0\u00bb3.11&Prime; parallax=\u00a0\u00bboff\u00a0\u00bb parallax_method=\u00a0\u00bbon\u00a0\u00bb][et_pb_text _builder_version=\u00a0\u00bb3.11&Prime; text_font=\u00a0\u00bb||||||||\u00a0\u00bb header_font=\u00a0\u00bb||||||||\u00a0\u00bb header_font_size=\u00a0\u00bb58px\u00a0\u00bb header_6_font=\u00a0\u00bb||||||||\u00a0\u00bb]Rodrigues R\u00e9sidence[\/et_pb_text][et_pb_text _builder_version=\u00a0\u00bb3.11&Prime; text_font=\u00a0\u00bb||||||||\u00a0\u00bb link_font=\u00a0\u00bb||||||||\u00a0\u00bb ul_font=\u00a0\u00bb||||||||\u00a0\u00bb ol_font=\u00a0\u00bb||||||||\u00a0\u00bb quote_font=\u00a0\u00bb||||||||\u00a0\u00bb header_font=\u00a0\u00bb||||||||\u00a0\u00bb [&hellip;]<\/p>\n","protected":false},"author":1,"featured_media":0,"parent":0,"menu_order":0,"comment_status":"closed","ping_status":"closed","template":"","meta":{"footnotes":""},"class_list":["post-257","page","type-page","status-publish","hentry"],"_links":{"self":[{"href":"http:\/\/www.corossol-graviola.com\/amby\/wp-json\/wp\/v2\/pages\/257","targetHints":{"allow":["GET"]}}],"collection":[{"href":"http:\/\/www.corossol-graviola.com\/amby\/wp-json\/wp\/v2\/pages"}],"about":[{"href":"http:\/\/www.corossol-graviola.com\/amby\/wp-json\/wp\/v2\/types\/page"}],"author":[{"embeddable":true,"href":"http:\/\/www.corossol-graviola.com\/amby\/wp-json\/wp\/v2\/users\/1"}],"replies":[{"embeddable":true,"href":"http:\/\/www.corossol-graviola.com\/amby\/wp-json\/wp\/v2\/comments?post=257"}],"version-history":[{"count":29,"href":"http:\/\/www.corossol-graviola.com\/amby\/wp-json\/wp\/v2\/pages\/257\/revisions"}],"predecessor-version":[{"id":2053,"href":"http:\/\/www.corossol-graviola.com\/amby\/wp-json\/wp\/v2\/pages\/257\/revisions\/2053"}],"wp:attachment":[{"href":"http:\/\/www.corossol-graviola.com\/amby\/wp-json\/wp\/v2\/media?parent=257"}],"curies":[{"name":"wp","href":"https:\/\/api.w.org\/{rel}","templated":true}]}}